nder when x(5) is divided by (0 + -4)*(-10)/(4 + 1).
7
Calculate the remainder when ((-132)/(-48))/((-1)/(-16)) is divided by 17.
10
Let j = -37 + 79. Calculate the remainder when j is divided by 22.
20
Suppose -2*g + 8 = -12. Let p(i) = i**3 + 6*i**2 + i - 1. Let y = -17 - -12. What is the remainder when p(y) is divided by g?
9
Suppose 2*c - 4*d = 14, 5*c = 4*d + 11 + 18. Suppose -5 = -c*i + 45. What is the remainder when 28 is divided by i?
8
Suppose 45 = -z - 5*n, 0 = 6*z - 4*z - 3*n + 25. What is the remainder when -3*4/6 + 21 is divided by ((-8)/z)/(2/50)?
9
Let t(p) = -2*p - 2. Let m be t(-2). Suppose 0 = -0*o - 2*o + 2. Calculate the remainder when o/2 + 33/m is divided by 9.
8
Suppose 3*b - 104 = -4*u, u + 4*b = 40 - 1. Suppose -47 = -5*y + u. Suppose -3*v + v = -y. Calculate the remainder when 12 is divided by v.
5
Suppose -2*h - 3 + 9 = 0, -x = -5*h + 12. Suppose -b - 4 = -x*b. What is the remainder when 2*(33/6 + -3) is divided by b?
1
Suppose -4*k = -5*o + 15, -k - 2*o + 15 = 3*o. What is the remainder when (1 - k)/(5/335) is divided by 17?
16
Suppose -5*h = 41 - 146. Calculate the remainder when -1 + 0 - (-41 - 0) is divided by h.
19
Suppose -5*f = -2*b + 121, 5*b - 6*f + f - 295 = 0. Calculate the remainder when b is divided by 30.
28
Suppose 3*y = 4*d - 12 - 27, -3 = -y. Suppose 24 = 2*n + 2*u, 0 = 6*u - 3*u - d. Calculate the remainder when 15 is divided by n.
7
Let l(c) = c**2 - 3*c + 4. Calculate the remainder when 12 is divided by l(3).
0
Let s be 19/4 + (-12)/16. Let p(f) = -f**3 + 4*f**2 - 5. Let r be p(s). Let g(q) = q**3 + 6*q**2 + 3*q - 3. Calculate the remainder when 20 is divided by g(r).
6
Let l = -76 - -106. Let z be (-1 - (0 + -2)) + 3. Suppose z*x + 16 = 5*x. Calculate the remainder when l is divided by x.
14
Suppose -2*q = -72 - 68. Suppose -q = -6*t + t. Calculate the remainder when t is divided by (1/2)/((-2)/(-20)).
4
Suppose 0 = -3*f - 0*f - 87. Let h = 66 + f. Calculate the remainder when h is divided by 13.
11
Suppose h - 20 = -h. What is the remainder when 39 is divided by h?
9
Let l = 34 - 21. Suppose 0 = -3*y - l + 46. Calculate the remainder when y is divided by 4.
3
Let f = 1 - -27. Suppose 0 = -3*h + 4*c + 6, c = 3*h + 1 - 7. Calculate the remainder when f is divided by (-1 + h)/(2/20).
8
Suppose -2*k + 14 = -54. What is the remainder when 65 is divided by k?
31
Let v(f) = f**3 + 7*f**2 + 2*f - 3. Suppose 0 = -3*j - 6*n + 3*n - 27, 0 = -4*j - 2*n - 30. What is the remainder when 40 is divided by v(j)?
19
Let h(f) = 4*f + 7. Let x(u) = -9*u - 13. Let o(g) = 7*h(g) + 3*x(g). Let b be o(-9). Let k = 9 + b. What is the remainder when 19 is divided by k?
9
Let o = 11 + -7. Suppose -o = r - 9. What is the remainder when r is divided by 4?
1
Suppose -2*q + 56 = -0*q. Suppose 2*f - 6*f = -3*o - 58, o = 3*f - 46. Calculate the remainder when (-8)/q + (-331)/(-7) is divided by f.
15
Suppose 143 = 3*u - 37. Calculate the remainder when u is divided by 16.
12
Suppose 3*c - m + 5 = 4*c, -4*m + 8 = 0. Suppose 0 = 3*q - 0 - 6. Calculate the remainder when c is divided by q.
1
Let k(z) = z**2 + 7*z - 5. Let i be k(-8). Suppose -5*t + 65 = i*v, -t - 3*t + 52 = 5*v. Let q = -30 + 68. What is the remainder when q is divided by t?
12
Let u = 123 - 71. Suppose r = 4*r - 2*j - u, -5*r + 4*j = -88. Calculate the remainder when 31 is divided by r.
15
Let o = 0 - -23. Let q(n) = n**2 - 7*n + 5. What is the remainder when o is divided by q(8)?
10
Let r be ((-1)/(-2))/((-2)/(-20)). Suppose -20 = -2*b + 4*k, 0 = -r*b + 2*k + 11 + 39. What is the remainder when b is divided by 6?
4
Let c(q) = q**2 + 3*q - 7. Let p be c(-5). Suppose 5 = 2*i + r, -6 = -p*r + 3. What is the remainder when 2/(4*(-1)/(-2)) is divided by i?
0
Suppose -5*w + 38 - 8 = 0. Calculate the remainder when 21 is divided by w.
3
Suppose 38 = 4*y + 6. Calculate the remainder when 30 is divided by y.
6
Let n = 4 - -2. Let f be 0 - 2/(n/(-15)). Suppose 3*q + 2*q - 15 = -f*z, -4*q - z + 6 = 0. What is the remainder when 1 is divided by q?
0
Calculate the remainder when (-2)/14 + 6630/105 is divided by 32.
31
Suppose 3*s = -3*n + 294, 5*n = -0*n - 3*s + 500. Calculate the remainder when n is divided by 26.
25
Let q = -4 + 5. Suppose -q = -x + 3. Suppose -n = -4*n + 30. Calculate the remainder when n is divided by x.
2
Suppose 6*a - 4 = 4*a. Suppose 10 = a*m - 12. What is the remainder when m is divided by 4?
3
Let o = 97 - 58. What is the remainder when 75 is divided by ((-26)/(-39))/(1/o)?
23
Suppose -2*n = -6, 2*j = -2*n + 4*n + 64. Suppose 3*f - 12 = -3*r, -3*r - 10 = -2*f + 23. What is the remainder when j is divided by f?
8
Suppose 2*t = -2*d + d + 51, -20 = 4*d. Let b(i) = 3*i + 3. Calculate the remainder when t is divided by b(4).
13
Let x be 4/(-14) - (-494)/14. Suppose -v + 5*g + 13 = 0, 4*g - x = -5*v - g. Let d(i) = 22*i. What is the remainder when d(1) is divided by v?
6
Let m(x) = -4*x. Let r be m(-3). What is the remainder when 43 is divided by 10/(2 - r/9)?
13
Suppose -2*y + 53 + 17 = -5*v, 2*v - 42 = -2*y. Suppose -5*j = -u - j + 3, 5*j = y. Let t = -13 + u. What is the remainder when 19 is divided by t?
9
Let l be 166/(-6) + 4/6. Let u = -12 - l. What is the remainder when 42 is divided by u?
12
What is the remainder when 8*(3 + -4)*-4 is divided by (-3)/(-1)*(-34)/(-6)?
15
Suppose 5*b - 88 - 2 = 0. Calculate the remainder when 31 is divided by b.
13
Suppose 2*i - 3*i = -6. Let g = -19 - -21. What is the remainder when i is divided by g?
0
Let h(n) = -n**3 - 10*n**2 - 10*n - 9. Let f be h(-9). Let l = 3 - f. What is the remainder when l is divided by 2?
1
Suppose -40 = -c + 15. Calculate the remainder when c is divided by 28.
27
Let r be (-6)/(-9) - (-4)/12. Calculate the remainder when (r + 3/(-9))*12 is divided by 5.
3
Let n(u) = -u**2 - 25*u - 48. What is the remainder when 201 is divided by n(-20)?
45
Let l = 2 + 0. Suppose -l*a + n - 26 = -74, -3*n = a - 17. Let u = 6 - -2. Calculate the remainder when a is divided by u.
7
Suppose n = g + 30 + 6, -g = -3*n + 98. Suppose n = q - a, -135 = -5*q + 2*a + 8. Calculate the remainder when q is divided by 10.
7
Let o(l) = 11*l - 1. Let t be o(-3). Let b be t*9/(-6) + 2. Let c = b + -22. Calculate the remainder when c is divided by 17.
14
Calculate the remainder when 11 is divided by (-2 - 2)*7/(-4).
4
Suppose l - 275 = -2*r - 4*l, l = -2*r + 271. What is the remainder when r is divided by 34?
33
What is the remainder when (-11)/((-6)/21 + 6/70) is divided by 12?
7
Let g(d) = 2*d**2 + 5*d - 1. Let j be g(-4). Let p = j - 2. Suppose h - 49 = -h + 3*u, -u = 5. What is the remainder when h is divided by p?
8
Let u(n) = -n + 14. Let l(r) = -r - 4. Let f be l(-4). What is the remainder when 53 is divided by u(f)?
11
Let q = 253 - 159. Let i be 1/(4/q)*-2. What is the remainder when 46 is divided by (-6)/(-18) + i/(-3)?
14
Suppose -4*u + 4 = -20. Suppose -3*q + 26 = -3*a + 2*a, -36 = -2*q - 4*a. Calculate the remainder when q is divided by u.
4
Suppose -n = 6*c - 3*c - 19, -3*n + 53 = 5*c. Let k(i) = 2*i + 1. Let z be k(-2). Calculate the remainder when n is divided by 18*(z/2)/(-3).
7
Let j = 0 + 5. Let v = -87 + 90. What is the remainder when j is divided by v?
2
Suppose 12 + 17 = 2*b - g, 11 = 2*b + 5*g. Suppose -5*v + 2 = -b. Suppose 4*r - v*r + 74 = 5*z, 3*z = 4*r + 58. Calculate the remainder when 40 is divided by z.
12
Suppose -5*n + 4 + 26 = -k, k = -5*n + 30. Let g = 21 - n. Calculate the remainder when 43 is divided by g.
13
What is the remainder when 97 + 0 - (-4 - -1) is divided by 17?
15
Suppose -24*n = -17*n - 168. What is the remainder when 3*(194/6 + -1) is divided by n?
22
What is the remainder when 106 is divided by 16/(-6)*9/(-2)?
10
Let r = 131 + -87. What is the remainder when r is divided by (2 + -7)*3*-1?
14
Let i(y) = -2*y**3 + 5 - 2 + y - 4. Let t be i(1). What is the remainder when (-10 - t)/(2/(-1)) is divided by 3?
1
What is the remainder when (15/(-75) - 321/(-5)) + -2 is divided by 9?
8
Let f be 3/(-12) - (-9)/4. Suppose -29 = -f*v + 5*z, v - z - 31 = -3*v. What is the remainder when 25 is divided by v?
4
Let m = -6 + 8. Suppose 0 = -2*w - 5*i + 18, -w - 2*i + 11 = -0*i. Suppose -v + m*v = w. What is the remainder when v is divided by 7?
5
Suppose a + 0*v - 3*v = 6, 2*v - 52 